est common divisor of o and g?
15
Let o = 25093 - 24994. Suppose 4*d = -2*x + 54, 2*x - 7*x = d - 135. Calculate the greatest common factor of x and o.
9
Let s(t) = 541*t - 15. Let z be s(-1). Let a = z - -574. What is the highest common divisor of 27 and a?
9
Let x = -159 - -165. Let w be (2*(-117)/x)/((-1)/1). Calculate the highest common factor of 143 and w.
13
Let z be (510/42 - 12) + (-5150)/(-14). Let k(b) = 8*b + 40. Let y be k(-4). Calculate the greatest common divisor of z and y.
8
Suppose -2*l = w - 3444, -2*l + 6876 = -22*w + 24*w. What is the greatest common factor of w and 198?
66
Let i = 480 - -592. Calculate the greatest common divisor of 12 and i.
4
Let f be 4/(-2) - 4/4 - -6. Suppose f*x = 6, 1 = 2*s - 2*x - 3. Suppose -r = -4*j - 2*r + 17, 2*r = -s*j + 18. Calculate the greatest common factor of j and 16.
4
Let h be 78 + (-2 - -1)*-4. Let f = h - 78. Suppose 0 = -f*c + 156 + 52. What is the greatest common factor of c and 26?
26
Let c be 3/(-5) + 591/(-15). Let d = -26 - c. Let i(k) = k**3 - 7*k**2 + 14*k - 56. Let x be i(7). Calculate the greatest common divisor of d and x.
14
Let c(a) = 6*a - 69. Suppose -357 = -101*p + 84*p. Let f be c(p). What is the greatest common divisor of f and 18?
3
Suppose 4568 = 372*j - 5521 + 45. Let d(p) = -p**2 + 5*p - 1. Let f be d(4). Calculate the greatest common factor of f and j.
3
Let q be (-294)/(-63)*((-39)/(-21) + -1). Let f be (18/q*64/(-6))/(-2). Calculate the greatest common factor of 15 and f.
3
Suppose -7*q + 2*q = -4*z + 48, 5*z = -5*q + 60. Calculate the highest common factor of 810 and z.
6
Let s be ((-9)/(-5))/((-7)/(-525)). Let c = s + -43. Calculate the highest common factor of c and 115.
23
Suppose 46*t = 4*t + 2016. Calculate the highest common factor of 2064 and t.
48
Let q(l) = 101*l - 1815. Let g be q(21). Suppose -4*r - 3 = 5*c - 50, -3*r + 39 = 3*c. Calculate the greatest common divisor of r and g.
18
Suppose 0 = -t + 2, -h = 4*h - 5*t + 10. Suppose -3*w + 153 = 3*r - 168, h = 2*r + w - 209. What is the greatest common factor of r and 68?
34
Let w be (346/8)/((-6)/(-192)). Suppose -3683 = -19*f - w. What is the greatest common divisor of f and 11?
11
Let t(k) = 3*k**2 + 1300*k + 3905. Let i be t(-3). Suppose 638 = 5*g + w, -g = -5*w - 88 - 50. Calculate the greatest common factor of g and i.
32
Suppose -42*d - 39*d + 1490 = -71*d. What is the highest common factor of d and 2?
1
Suppose 27*u - 2099 = 736. Suppose 3*i + 38 = o, 4*o + i = 72 + 67. What is the greatest common divisor of o and u?
35
Let x(c) = -13*c - 20. Let v be x(10). Let w = v - -202. What is the highest common factor of 4 and w?
4
Let k = -15 + 50. Let i = 19926 - 19856. Calculate the greatest common factor of k and i.
35
Let x(h) = 3*h + 28. Let g be x(-7). Suppose 3*z + 544 = g*z. What is the highest common factor of 17 and z?
17
Let q = -19 + 12. Let f(d) = -2*d - 3. Let y be f(q). Suppose -4*t + 21*t = 1122. Calculate the greatest common divisor of y and t.
11
Let o be (124/(-31) - 4)*-4. Let q be (-63)/(-4) + 2/8. What is the highest common divisor of q and o?
16
Suppose 3*l - 5*j = 2, 6*l - 2*l + 7 = -3*j. Let b be l/((184/(-62) + 3)*-1). What is the greatest common divisor of b and 775?
31
Suppose -4 = a, -a = -c + 88 - 35. Let h = 458 - 451. Let s be (6 + 7/h)*1. Calculate the highest common factor of s and c.
7
Let c(r) = -73*r - 31. Let a be c(-12). Suppose -2*x = -h - 132, -4*x + 199 = 5*h - 51. Calculate the greatest common divisor of a and x.
65
Let m(y) = 4*y**2 - 390*y + 2716. Let h be m(7). Calculate the highest common divisor of 52 and h.
26
Let p be ((-21168)/90)/(4/(-10)). Calculate the greatest common divisor of 12 and p.
12
Suppose -85*l + 3718 = 84*l. Let f = -533 + 885. What is the highest common divisor of l and f?
22
Let l be (15 + 1)*12/6. Let r be 10/12 + ((-492)/(-144) - (-3)/(-12)). Calculate the highest common factor of l and r.
4
Let h(m) = m**3 - 19*m**2 + 13*m + 3053. Let r be h(0). Calculate the highest common divisor of r and 129.
43
Suppose -6*q - 6430 = -11*q - 2*m, q = 3*m + 1286. What is the highest common factor of 2 and q?
2
Let s(u) = 45*u + 241. Let z be s(-1). What is the greatest common factor of 8 and z?
4
Suppose 360 = 8*d + 2*d. Let u(v) = -12*v**2 + 6*v - 1. Let i be u(5). Let q = 667 + i. What is the highest common factor of q and d?
36
Let j = -1055 + 626. Let a = j + 449. Let f be ((-13)/(-3) - 1)*24. Calculate the highest common divisor of f and a.
20
Suppose 0 = 34*f - 28*f - 30. Suppose -69 = -k - h, k - f*k + 277 = 3*h. What is the greatest common factor of k and 42?
14
Suppose -2*r + 249 = -0*r + 3*v, -5*r + 636 = 3*v. Let a(t) = t**3 - 3*t**2 - 44*t + 82. Let b be a(9). Calculate the greatest common divisor of b and r.
43
Let w = 8139 + -3279. What is the highest common divisor of w and 40?
20
Let j be (18/4)/((-6)/(-8)). Let h(o) = -17*o - 11. Let s be (-4 + 2 - 2) + 3. Let f be h(s). Calculate the highest common factor of f and j.
6
Let w be ((-288)/(-15))/(-4*2/(-240)). Calculate the greatest common divisor of 9 and w.
9
Suppose 4*n = -2*r + 10, r - 32*n - 40 = -27*n. What is the greatest common factor of r and 87?
3
Suppose p = 3*f - 9, 0 = 5*p - 4*p. Suppose b = f*z - 3, 10 = -5*z - 4*b - 2. Suppose z = 4*r - r - 693. Calculate the highest common factor of 33 and r.
33
Suppose -1018*a = -1050*a + 3264. Calculate the greatest common factor of 7718 and a.
34
Let b(j) = 2*j**2 + 56*j - 203. Let m be b(-34). What is the greatest common factor of m and 697?
41
Let d be 2*((-7728)/32)/(7/10 + -1). Calculate the greatest common divisor of 2185 and d.
115
Let y = -176527 + 176835. Suppose 2*f = -2*f + 224. What is the greatest common divisor of f and y?
28
Suppose -4*s = -4*m - 980, 3*s = 2*m + 406 + 325. Let o = s - 196. Calculate the highest common divisor of 18 and o.
9
Let z = 5906 + -5285. What is the highest common divisor of 837 and z?
27
Let g be (16/(-3))/((28/(-70))/((-6)/(-5))). Calculate the highest common divisor of 7712 and g.
16
Let y(c) = -14*c - 26. Let i be y(-9). Let k = 13 + 12. What is the highest common factor of i and k?
25
Suppose 10*l = 28*l. Let s(w) = 2*w**2 + 2*w + 12. Let h be s(l). Calculate the highest common factor of 24 and h.
12
Suppose -23*p + 40537 = -14555 + 10932. What is the highest common divisor of p and 240?
240
Let m = -1657 - -1684. What is the highest common factor of 261 and m?
9
Suppose 32*a + 2 = 33*a, 0 = -4*t - 5*a + 30. What is the highest common divisor of t and 23?
1
Suppose 5*p - 2*p + 2*i = 94, 4*i = -5*p + 154. Let j be 788/46 + 1722/(-13202). Calculate the highest common divisor of j and p.
17
Let g be (-2)/((-12)/30) - (7 - 2). Suppose -3*y - 6*u + 5*u + 113 = g, 23 = y + 4*u. Suppose -2*w = -409 - 137. What is the highest common divisor of y and w?
39
Let i be ((-290)/(-87))/(1/(-2))*-6*2. Suppose 2*u = 5*s - 154, -5*s + 1 + 156 = -u. Calculate the greatest common divisor of i and s.
16
Let x(l) = -l**3 - 42*l**2 - 41*l + 61. Let n be x(-41). Let w = n - 25. Calculate the highest common divisor of 16 and w.
4
Let s = -88 - 66. Let m = s - -179. What is the greatest common factor of 35 and m?
5
Suppose -2*o = -a + 19, 4*a + 4*o - 1 = 27. Let x be (75/(-9) - -1)*-6. What is the highest common factor of x and a?
11
Let u(b) = 3*b - 15. Let c be u(1). Let m be (3/(-9)*68)/(c/198). Calculate the greatest common factor of 22 and m.
22
Let r be (18/(-4))/(1/(-18)). Suppose -2126*a + 2563*a = 141588. What is the highest common divisor of r and a?
81
Let w be 62*14/14 + 2 + -2. What is the greatest common divisor of 4278 and w?
62
Let m = -1694 + 2045. Calculate the highest common factor of m and 1287.
117
Let x be (-418600)/(-3770) - 1/29. What is the greatest common divisor of 5735 and x?
37
Let v(f) = -f**3 - 5*f**2 - 4*f + 1. Let a be v(-5). Let n be 27/(-5)*(a*-4 - 1). What is the greatest common divisor of n and 51?
51
Suppose 116*c + 10*c - 505831 = 1022171. What is the greatest common divisor of 67 and c?
67
Let j(g) = g**2 + 51*g + 54. Let q be j(-40). Let i = -309 - q. What is the greatest common factor of i and 77?
77
Suppose 3*v = 5*s - 849, 323*s - 2*v + 834 = 328*s. What is the greatest common factor of 21 and s?
21
Suppose -5*d - c + 96 = 0, -4*d - 547*c + 100 = -552*c. Calculat